*a + 8. Let q(v) = -2*v + 7. Let l(g) = p(g) - q(g). Determine l(0).
1
Suppose -2*f = 3 - 7. Let g(l) = 0*l**2 + 0*l**2 + f*l**2 - 10 - 9*l. Suppose 3*q + b - 22 = 0, 0 = 5*q + 2*b + 64 - 101. What is g(q)?
25
Let g(c) = c**3 - 4*c**2 + 85*c - 163. Let j be g(2). Let w(s) = -4*s**2 + 2*s + 2. What is w(j)?
-4
Let z(b) = -b**2 + 32*b - 107. Let j = 6443 - 6439. Calculate z(j).
5
Let y(g) = -3*g - 55. Suppose -116*i - 304 = -100*i. Give y(i).
2
Let o(f) = 3*f**3 - f**2 - 96*f + 96. Let u be o(1). Let j(n) be the second derivative of 0*n**3 + n**4 + 0 - 36*n + 0*n**u + 1/20*n**5. What is j(-12)?
0
Let m(d) = -3*d**2 + 19*d + 11. Suppose -10*w - 11 = -60 - 21. Calculate m(w).
-3
Let r(h) = 239*h - 4 + 2 - 2 - 251*h - 7. Calculate r(1).
-23
Let j(c) = -c**3 - 5*c**2 - 2*c - 3. Let l(p) = -2*p**2 + 33*p - 12. Let d be l(16). Suppose 26 = -d*b + 3*y, 2*b - 3*y + 21 = -b. What is j(b)?
7
Let o(v) = -v - 3. Let u(z) = 9*z**2 - 8*z + 8. Let x be u(1). Suppose 10 = b - s, 11*b = x*b - s + 5. What is o(b)?
-8
Suppose 0 = 3*z - 4*g - 10683, -2*z - 11*g + 7122 = -15*g. Let n(c) = -z*c**2 + c + 3561*c**2 - 1 - c**3. Give n(2).
-7
Let y(o) = -o**3 - 4*o**2 + 5*o - 4. Let n(i) = i**2 - 3*i - 12. Let u be n(5). Let p be 2/(u + (1 - -3)). Let d be (25/20)/(-1*p/4). Determine y(d).
-4
Suppose 7*a - 61 = 2*a + 2*b, b + 36 = 3*a. Let z(d) = -d**3 + 14*d**2 - 33*d + 4. What is z(a)?
4
Let z(b) = 17*b + 2. Let a be z(0). Let g(d) be the first derivative of d**4/4 - 4*d**3/3 + 3*d**2/2 + d - 45. What is g(a)?
-1
Suppose 4*g = 5*q + 27, 3*g = 3*q + 14 + 1. Let m(f) = -261*f - 28. Let y(c) = 95*c + 10. Let d(w) = 4*m(w) + 11*y(w). What is d(q)?
-9
Suppose 12*q - 10 - 14 = 0. Let l(n) = n + 12*n**3 - 9*n - 8 - 3*n**3 - 7*n**q - 8*n**3. Determine l(8).
-8
Let k be ((-3220)/1127)/(4/14). Let j(d) = d - 26. What is j(k)?
-36
Let t be 74/14 - 18/63. Let s(m) be the second derivative of -m**3/2 + 3*m**2 + 3*m + 206. Calculate s(t).
-9
Let k(n) = -4504*n - 4490*n + 5 + 9007*n. Determine k(5).
70
Let j(l) = -9*l. Suppose -5*k + 0*v = -3*v + 26, -k - 2*v = 0. Let g be (-1 - -64) + 1 + k + 0. Let h be 5*9/g - 1/(-4). Calculate j(h).
-9
Let q(a) = a**3 - 7*a**2 + 5*a - 1. Suppose -73*h = 79*h - 760. What is q(h)?
-26
Suppose 3*o + 0*m = 2*m - 464, 2*m - 8 = 0. Let c be (-532)/o*(-20)/7. Let j(b) = b**3 + 11*b**2 + 12*b - 3. Determine j(c).
-23
Let d(o) = -17*o. Let p(b) = -78*b**3 - b**2 - b + 1. Let q be p(1). Let f = 80 + q. Let u be (-6 + 7)*f/(-1). Give d(u).
17
Let k(q) = 2*q**2 - 16*q + 45. Let l be k(4). Let g(w) = -5*w + 76. What is g(l)?
11
Let z(j) = 8*j + 3*j**2 + 0*j - 2*j**2. Let f(v) be the third derivative of -7*v**4/12 + 39*v**3/2 + 111*v**2. Let n be f(9). Give z(n).
9
Let a(d) = 15*d**2 - 15*d - 12. Let y(b) = -6*b**2 + 6*b + 5. Let o = -46 + 41. Let r(m) = o*a(m) - 12*y(m). Give r(2).
-6
Suppose 2*t + 9 = -t. Let i(l) = -1 + 89*l - 55*l - 1. Let b(n) = 3*n. Let f(r) = 22*b(r) - 2*i(r). Calculate f(t).
10
Suppose 26 = d - 43. Let i(h) = 72*h + h**2 + 0*h**2 - 5 - d*h + 2*h**2. Determine i(-4).
31
Let v = -16 - -40. Let m(q) = q**3 - 23*q**2 - 21*q - 75. Let b be m(v). Let i(t) = -t**3 - 4*t**2 - 2*t - 1. What is i(b)?
-4
Let i(a) = -32 - 12*a + 11 + a**2 + 7*a + 15 + 0*a. Give i(7).
8
Suppose 3*b + 0*b - 4*y = 606, b = -3*y + 202. Let p = 217 - b. Let v(q) = q**3 - 14*q**2 - 14*q - 14. What is v(p)?
1
Let k(m) be the first derivative of m**4/4 - m**3 - 2*m**2 + 3*m + 3. Let z(f) = 5 + 0 - 1 + f - 8. Let g be z(7). Determine k(g).
-9
Let v(o) = -3*o + 12. Let l be 28/(-98) + 90/21. Suppose 2*k - l - 6 = u, 2*k + u - 10 = 0. Calculate v(k).
-3
Let l(k) = 59*k**2 - 16*k - 10. Let t(i) = -74*i**2 + 17*i + 10. Let s(y) = 5*l(y) + 4*t(y). Give s(-9).
17
Let r(a) = 3*a**2 + a + 1. Let k = 34 + -28. Suppose 5*b = 15, g - b + 3 = k. Let i be g/4*4/3. Determine r(i).
15
Let w(u) = 3 + u + 7 + 2 - 4 + 10*u. Give w(-9).
-91
Let v(y) be the first derivative of 1/2*y**2 - 78 + 14*y. What is v(-13)?
1
Let u(h) = h + 1. Let b(j) = -2*j + 3. Let r(v) = 2*b(v) - u(v). What is r(-2)?
15
Let w(l) = -2*l**3 + 28 - 3*l + 203*l**2 + 6*l + 9*l - 30 - 226*l**2. Calculate w(-12).
-2
Let s be -2 - 2 - (10/(-5) - 2). Let y(c) = 8 + 11 + 3 + 9 - 38 + c. What is y(s)?
-7
Let h(y) = -7*y**3 - 5*y**2 + 1. Let c(r) = -8*r**3 - 6*r**2 + 1. Let d(j) = -6*c(j) + 7*h(j). Suppose -n - 147 - 204 = 0. Let x = n + 352. Give d(x).
1
Let f(b) = 11*b**2 - 3676*b**3 - b - 21 - b**2 + 7347*b**3 - 3672*b**3 + 3*b. Calculate f(10).
-1
Let d = -37 + 39. Suppose -3*r - 8 = d*b, 0*b - 12 = 2*b + 4*r. Let g(f) = b*f**2 + f + 85 - 85. What is g(-2)?
6
Let v(h) = h**2 - 6*h + 7. Let j be 10/12*(-105)/(-25)*-2. Give v(j).
98
Let h(o) = -29*o - 17. Let f(g) = -248*g + 988. Let d be f(4). Calculate h(d).
99
Let b(k) = 4*k - 5. Let f(d) = -18*d - 666. Let l be f(-37). Calculate b(l).
-5
Let f(x) = -9*x - 214. Let r = -18905 + 18879. Determine f(r).
20
Let t(s) = 2*s**2 + 90*s - 1109. Let m be t(-55). Let g(w) = w**2 + 1. Let z(b) = 3*b**2 + 9*b - 1. Let j(x) = 2*g(x) - z(x). Determine j(m).
3
Let b(h) be the second derivative of -h**5/10 + h**4/12 + 2*h**3/3 - 3*h**2/2 + 2002*h + 2. Determine b(-2).
9
Suppose -3*g + 357 = -5*t, -3*t + 330 = 3*g + t. Let a = g + -115. Let s(b) = -4*b - 1. Let d(w) = -7*w - 2. Let y(p) = 4*d(p) - 9*s(p). What is y(a)?
-7
Let k(d) = -d**3 - 10*d**2 - 19*d - 6. Let r(u) = 5*u**3 + 40*u**2 + 86*u + 24. Let g(h) = 9*k(h) + 2*r(h). Calculate g(10).
4
Let z(f) = 1 + 0 - 321*f + 304*f - 96*f**2 + 83*f**2. Let v(a) = -2*a**2 - a + 1. Let u(s) = 6*v(s) - z(s). Calculate u(-11).
5
Let b(o) be the third derivative of 29*o**6/60 - o**3/6 - 9*o**2 + 39. What is b(-1)?
-59
Let s(z) = -z - 10. Let g(c) be the second derivative of -7*c**3/6 - c**2/2 + 7*c. Let i be g(1). Let u(y) = y**2 + 7*y - 8. Let t be u(i). What is s(t)?
-10
Let m(s) = -19*s + 7. Suppose -25*l + 28 = -104 + 32. What is m(l)?
-69
Let n be (-6985)/3175 - ((-18)/5)/3. Let r(l) be the second derivative of 0 + 0*l**2 - 1/5*l**5 + 1/12*l**4 + 1/6*l**3 - l. Give r(n).
4
Let g(t) = 3 - 2*t**3 + 389*t - 231*t - 164*t - 6*t**2. Give g(-3).
21
Let t = -95 - -97. Suppose t*p - 6 = -14. Let c(i) = i**3 + 3*i**2 - 4*i - 5. Give c(p).
-5
Let d(l) = -2*l + 1. Let w(n) = 6*n - 10. Let t(k) = 2*k - 1. Let s(f) = 4*t(f) - 2*w(f). Let i be s(3). Give d(i).
-7
Let c = -37 - -164. Let x(h) = c*h - 42*h - 41*h - 42*h + 1. Determine x(-1).
-1
Suppose 2*d - 30 = -3*d. Let p(o) = 21*o**3 + 3*o**2 - o - 3. Let v be p(1). Let h(z) = z**2 + v - 4*z - 16 - 11. Give h(d).
5
Let k(m) = 8*m - 18. Let d = 4601 + -4598. Determine k(d).
6
Let z = -752 + 754. Let g(r) = -96*r**z - 8 - 100*r**2 + r**3 + 290*r**2 + 10*r - 103*r**2. Calculate g(8).
8
Let b(h) = 19*h**2 + 5*h - 6. Let l(f) = -18*f**2 - 6*f + 10. Let u(v) = 3*b(v) + 2*l(v). Give u(-1).
20
Let x(p) = 3*p + 12. Let z = -2505 + 2505. Determine x(z).
12
Let k(u) = 81*u**2 - 5 + 73*u**2 - 159*u**2 - 9*u - 1 - u**3 - 4. Give k(-4).
10
Let r(w) = -3*w**3 + 3*w**2 - 4*w + 2. Suppose -78*f + 266 = 55*f. Determine r(f).
-18
Let d be 30/(-135)*9/(-12). Let t(p) be the third derivative of 0*p + d*p**3 + 19/120*p**6 + 0 + 5*p**2 + 1/12*p**4 + 0*p**5. Determine t(-1).
-20
Let j(c) = 2*c**2 + 24*c. Let q be j(-12). Suppose m + 7 = 2*h, 3*m + q - 9 = 0. Let u(b) = 3*b - 5. Determine u(h).
10
Let d(w) = 2*w + 28. Let b be -6 + (-9 + (-177)/(-12) - (-1)/4). Give d(b).
28
Suppose 12*k = 7*k - 45. Let n(l) be the first derivative of l**2/2 + 11*l + 497. Determine n(k).
2
Let x(u) = -7*u**2 - u - 1. Suppose 2*q + 3*d = -8, -2*d - 10 = -q - 0*d. Suppose 3*j = -3*n + 18, 0 = -0*n - q*n + 8. Suppose -j*s - 2 = -0. Give x(s).
-7
Let b(z) = -2*z + 8. Let s = -29731 - -29729. Give b(s).
12
Let q(s) = 17*s**2 - s - 2. Let t(c) = 87*c**2 - 4*c - 9. Let n(x) = -16*q(x) + 3*t(x). Determine n(-2).
-47
Let s(q) = 47*q**3 + 3*q**2 + 12*q + 9. Let c(a) = 8*a + 166 - 159 + 38*a**3 + 7*a + 10*a**3 - 5*a + 2*a**2. Let v(z) = 5*c(z) - 4*s(z). What is v(1)?
51
Let y(l) = -l**2 - 4*l + 10. Let q = 9648 + -9655. Determine y(q).
-11
Let o(x) be the first derivative of -x**4/4 + x**2 - 6*x - 1548. Calculate o(-3).
15
Let d(p) = -3*p - 3. Suppose -9 = -h - 3*h + 3*b, 5*h + 3*b - 45 = 0. Suppose h*n - 3*n = -4*n. Suppose 4*f + 20 = 2*a, 2*a + n - 